Let j be d(q). Let g = -6 - j. Calculate the remainder when 29 is divided by g.
13
Let z = 27 + 1. What is the remainder when (-7)/(z/16 - 2) is divided by 6?
4
Suppose 0 = 3*l - 5*q, -3*q = -4*l - 6*q. Suppose l = 5*j + 2*h - 0*h - 95, j + 5*h + 4 = 0. What is the remainder when 80 is divided by j?
17
Suppose -29 = 12*w - 77. What is the remainder when 33 is divided by w?
1
Let q = 244 - 234. Calculate the remainder when 13 is divided by q.
3
Let r = 56 + -37. Let i be 0 + -3 + (1 - -6). Suppose 2*y = -3*m - 81 + 295, i*m = -2*y + 288. Calculate the remainder when m is divided by r.
17
Let j(g) = g + 1. Let x be j(-5). Let u be (98/x)/((-2)/(-4)). Let q = u - -92. Calculate the remainder when q is divided by 23.
20
Suppose -5 = -13*w + 34. Suppose 4*s + s = -4*y + 216, -w*y + s + 181 = 0. Calculate the remainder when y is divided by 10.
9
Suppose 5*v - 716 = 39. Calculate the remainder when v is divided by 35.
11
Let w be 4*1*6*1. Suppose 28 = 1129*v - 1122*v. Let u = v + w. Calculate the remainder when u is divided by 10.
8
Calculate the remainder when 41 is divided by (-9)/(63/35) - -12.
6
Suppose 0 = -h - 5*i + 92, -5*h - 19*i + 15*i + 565 = 0. What is the remainder when h is divided by 32?
21
Let o = -190 + 283. Suppose 3*b = l - 4 - 11, -75 = -3*l - b. Calculate the remainder when o is divided by l.
21
Let o = -58 + 70. Calculate the remainder when 526 is divided by o.
10
Let v(h) = 6*h + 8. Let k be v(0). Suppose 2*w + 2*w = -x + 148, k = -2*w. Calculate the remainder when x is divided by 33.
32
Let q = -182 - -203. What is the remainder when q is divided by 4?
1
Let x(g) = -43 + 21 + 52*g - 1. What is the remainder when x(2) is divided by 28?
25
Suppose j + 35 = 2*h, -2*h - 41 = -4*h - 5*j. Suppose 4*l - 150 = -3*i, 0 = 3*i - l - 240 + 90. What is the remainder when i is divided by h?
14
Suppose 4*r + 7 - 19 = 0. Suppose r*i = -5*l + 235, -2*i = -3*i + 5. Calculate the remainder when l is divided by 9.
8
Let s = 139 - 133. Calculate the remainder when 106 is divided by s.
4
What is the remainder when 136 is divided by -14*(0 + 14/(-4))?
38
Let p = -98 + 141. Suppose -3 = -3*v + 57. What is the remainder when -2 + p - (-6)/(-2) is divided by v?
18
Suppose 5*v - 3 = l - 128, -5*v = 4*l + 150. Let c = v + 108. What is the remainder when c is divided by 21?
19
Let g(o) = -185*o**3 - 2*o - 1. Suppose -4*d = 2*a - 10, 4*d - 5 - 2 = -5*a. Let m be g(a). Let u = m - 85. What is the remainder when u is divided by 26?
23
What is the remainder when 1/(-1) + 3 - -29 is divided by 11?
9
Let w(g) = 12*g**2 + 2*g + 1. Let m(b) = 2*b**3 - 8*b**2 + 17*b + 21. What is the remainder when m(6) is divided by w(-2)?
42
Let g(u) = -2*u + 16. Calculate the remainder when g(-4) is divided by 9.
6
Suppose -318*m + 126 = -316*m. What is the remainder when m is divided by 35?
28
Suppose 4*c - 16 = 0, i = 3*i - c - 2. Calculate the remainder when 88/1012 - (-2)/((-184)/(-1004))*1 is divided by i.
2
Suppose 0 = 8*y - 24 - 8. Suppose -b - y*b = -3*f - 53, -4*b - 2*f = -38. Calculate the remainder when 19 is divided by b.
9
Let c(y) = -6*y - 20. Let t(i) = -11*i + 39 + 14*i + 10*i. Let n(k) = 5*c(k) + 2*t(k). Calculate the remainder when n(-14) is divided by 18.
16
Let b = 10 + -7. Suppose -b*n - 57 = -6*n. Let s(h) = -h**2 + 6*h + 3. Calculate the remainder when n is divided by s(4).
8
Suppose 19 = -6*c + 31. Suppose 3*r = -4*m - 0*r + 202, r + 106 = c*m. Calculate the remainder when m is divided by 6.
4
Let s = 18 - -11. Let m(z) = -8*z + 2. What is the remainder when s is divided by m(-1)?
9
Suppose 77 = 3*s + 4*i, -123 = -s - 4*s - 4*i. Suppose 11 = -3*w + 2, 2*f = -w + s. What is the remainder when ((-2)/(10/(-145)) - 3) + -4 is divided by f?
9
Suppose -5*z + 5*d + 5 = 0, -2*z + z + 16 = 4*d. Suppose -i + 44 = -5*n, z*i + 5*n - 176 = n. Calculate the remainder when 125 is divided by i.
37
Let x(i) = 2*i**2 + 5*i + 5. Let d(t) = -5*t + 1 - 6 + 22. Calculate the remainder when d(-13) is divided by x(-4).
14
Suppose -h + 4*w = 0, -5*w = -8*w + 15. What is the remainder when 6/(-9) + (-230)/(-3) is divided by h?
16
Let j = 77 - 26. Suppose -5*u + j + 44 = 0. Suppose -2*x = -17 - u. Calculate the remainder when 35 is divided by x.
17
Let r(l) = -l - 3. Suppose 0 = -3*w - 4*n - 10, 0 = -w + 2*n - 0*n. Let m be r(w). Let u = 9 + m. What is the remainder when u is divided by 2?
0
Let n(a) = -34*a**3 - a**2 - a + 2. Let c be n(1). Let h = c + 63. Calculate the remainder when h is divided by 5.
4
Suppose 100 - 4 = 6*g. Let o = 55 + g. What is the remainder when o is divided by 15?
11
Let g(p) = 12*p + 102. Calculate the remainder when 144 is divided by g(-6).
24
Let u(k) = k**3 - 4*k**2 - 2. Let g be u(4). Let q be (0/(-4 + 3))/g. What is the remainder when 61 is divided by (q + -12)/((-18)/24)?
13
Let d = 6 + 11. Let p = -37 - -37. Suppose p*o = -6*o + 60. What is the remainder when d is divided by o?
7
Suppose -4*s + 2877 = 2789. Calculate the remainder when 108 is divided by s.
20
Let f(c) = -c**2 + c + 5. Suppose -v = 3*v + 20. Let u be f(v). Calculate the remainder when 0 - ((5 - 1) + u) is divided by 11.
10
Let b = -4 + 20. Calculate the remainder when 20/(-55) + (-138)/(-561) - (-2690)/34 is divided by b.
15
Let i(s) = -6*s**2 + 103*s - 29. What is the remainder when i(16) is divided by 29?
25
Let z(d) = -d**2 - d + 3. Let i be z(0). Let v be ((-76)/8)/(i/(-6)). Suppose -4*y = -v - 49. What is the remainder when y is divided by 6?
5
Let z(h) = -h**2 + 6*h - 20. Let a(r) = -3*r**2 + 18*r - 61. Let j(p) = 2*a(p) - 7*z(p). What is the remainder when j(6) is divided by 11?
7
Let j(p) = p**2 - 2*p + 8. Suppose 0 = 4*z - z - 6. Suppose r - f = 28, z*r - f + 2*f - 62 = 0. Calculate the remainder when r is divided by j(0).
6
Let b(s) = 23*s - 9. Let k(p) = -90*p - 1958. What is the remainder when b(6) is divided by k(-22)?
19
Let u = -14 - -14. Suppose 0 = -5*j - 3*g + 95, j - 41 = -u*g - 5*g. Calculate the remainder when 92 is divided by j.
12
Let s(u) = -u**3 + 3*u + 3. Let z be s(-2). Let h(b) = 11*b - 3*b + 29 + 0*b - 76 + 43. Calculate the remainder when 105 is divided by h(z).
33
Let k = -2958 + 3046. What is the remainder when 612 is divided by k?
84
Let i(c) = c**3 - 2*c**3 - 3 + 6*c**2 - 1. Let b(m) = m**3 - 18*m**2 + 35*m - 33. What is the remainder when i(4) is divided by b(16)?
13
Calculate the remainder when 280 is divided by (-10)/(-15)*-3 + 279/3.
7
Let n(z) = -119 + 46 + 79 + 58 - z. Calculate the remainder when n(7) is divided by (-62)/(-5) - (-4)/(-10).
9
Let b(x) = 2*x**3 + 51*x**2 + 27*x + 60. Calculate the remainder when 138 is divided by b(-25).
8
Suppose 4*f + f = 325. Suppose 15 + f = 5*y - 5*w, 8 = y + 3*w. What is the remainder when y is divided by 2?
0
Suppose -5*a + a + 44 = 0. Suppose -3*w = -4 - a. Suppose 15 = w*s - 2*s. Calculate the remainder when s is divided by 2.
1
Let z(k) = -51*k**3 + 6*k**2 + 9*k + 3. Calculate the remainder when 229 is divided by z(-1).
25
Suppose -t = t - 66. Suppose 2*g + 2*k = -32, 0*g = -4*g - 5*k - 60. Let b = g + 29. Calculate the remainder when t is divided by b.
6
Suppose x = 78 + 140. Suppose 9*f = x - 2. Calculate the remainder when 47 is divided by f.
23
Suppose 6*c - 9*c + 45 = 0. What is the remainder when (-816)/36*9/(-2) is divided by c?
12
Let w(g) = 13*g - 21. Let v be (-2 + 2 - -3)*(-3 + 4). Suppose -a = -3*a + 68. Calculate the remainder when a is divided by w(v).
16
Let t(u) be the second derivative of u**5/20 + u**4/2 + 7*u**2/2 - 33*u. Let s = -2 + -3. Calculate the remainder when t(s) is divided by 17.
15
Suppose -2*k + 219 = h, -h - 6 + 116 = k. What is the remainder when k is divided by 39?
31
Suppose -265 = -4*r + i, 4*i - 116 = -3*r + 97. Suppose 0 - 15 = -3*b. Suppose 0*u = -b*u + 85. Calculate the remainder when r is divided by u.
16
Let r = 49 + -77. Suppose 155*z - 158*z = -24. What is the remainder when 3 is divided by (12/(-21))/(z/r)?
1
Let z = -26 - -25. Calculate the remainder when 7 is divided by z*(1 - 2)*5.
2
Let n = -12 - -11. Let z = n + 72. Let y = z + -33. What is the remainder when y is divided by 10?
8
Let d = -1633 - -1679. Let v be (0 - 0)/1 + 3. Suppose -v*i = -17 - 7. Calculate the remainder when d is divided by i.
6
Let c = -50 + 102. What is the remainder when 4